) - 13*w(x). Let b be u(6). What are the prime factors of -3 + 19 + b/(-2)?
2
Let m(r) be the first derivative of -r**4/4 + 4*r**3/3 + 3*r**2/2 - 4*r + 1. List the prime factors of m(4).
2
Let l(m) = m**3 + 11*m**2 + 4*m + 13. List the prime factors of l(-9).
139
Suppose 12 + 13 = -5*j, -4 = w + 2*j. What are the prime factors of w?
2, 3
Let p = -1 + 2. Let j(h) = 0*h + 3*h - p + h**2 - 2*h. List the prime factors of j(-4).
11
Let f = -3 + 7. Suppose n + 1 = 3. Let b = f - n. What are the prime factors of b?
2
Let i be (-16)/3 + (-4)/(-12). Let w(j) = -j**2 - 8*j - 3. Let d be w(-5). List the prime factors of (d/i)/(6/(-20)).
2
Suppose -5*s - 7*j + 3*j = -201, 4*j - 16 = 0. What are the prime factors of s?
37
Let v be (35 - 2)*(-8)/(-12). Suppose 5*g + v = 102. List the prime factors of g.
2
Let c be (0 - 0)/(-2 + 3). Suppose c = 2*a - 12 - 14. What are the prime factors of a?
13
List the prime factors of (-2672)/(-56) - 4/(-14).
2, 3
Let w be (-80)/(-35) - (-2)/(-7). Suppose 0*z = -5*u - w*z + 44, 0 = -4*z - 12. List the prime factors of u.
2, 5
Let j(b) = 5*b**2 + 6*b - 2. Let r(l) = -l**2 - l. Let c = 2 + 2. Let u(o) = c*r(o) + j(o). What are the prime factors of u(3)?
13
Suppose 0 = 5*r + 4 - 29. Suppose -r*s + a - 4*a = 2, -2*a - 6 = s. Suppose 2*w = -x + 5*w - s, 14 = 2*x + 3*w. List the prime factors of x.
2
Suppose 4*j - 106 = -2*y, -18 = j + 5*y - 49. Let c be 2/8 - (-57)/(-4). Let r = c + j. What are the prime factors of r?
2, 3
Let d(j) = -j**3 + 7*j**2 - 2*j - 3. What are the prime factors of d(4)?
37
Let m(l) = 13*l - 16. List the prime factors of m(5).
7
Let p be (-2 - 0 - 0) + 27. Suppose p = -6*n + n. Let o = 6 - n. List the prime factors of o.
11
Suppose -2*q - q + 18 = 0. List the prime factors of (q/4)/((-1)/(-2)).
3
Let o = -24 + 27. Let b(t) = 2*t**2 - 6*t. Let a(j) = -2*j**2 + 5*j. Let s(g) = -3*a(g) - 2*b(g). What are the prime factors of s(o)?
3
Let j be 18/12 - (-6)/(-4). What are the prime factors of j + -2 + 5/1?
3
Suppose 16 = -4*s + 2*f, 15 = -3*s + 4*f - 2. Let a be s/1 + (4 - -1). What are the prime factors of (-56)/(-10)*5/a?
2, 7
What are the prime factors of -4*((-715)/20 - -3)?
131
Suppose 784 = 3*j + j - 4*p, 4*j + 3*p = 777. List the prime factors of j.
3, 5, 13
Suppose 3*q = -1 + 4. List the prime factors of -6*q/(-2) + 18.
3, 7
Let b(z) = 2*z + 17. Let g be ((-98)/21)/(4/6). List the prime factors of b(g).
3
Suppose 2*c = -2*v + 166, 4*c - 18 = -2. List the prime factors of v.
79
Let d(n) = 4*n**2 - 3*n + 1. Let p be (-3)/(-5 + -1)*-8. Let f = p - -6. What are the prime factors of d(f)?
11
Let p = 7 + 1. What are the prime factors of p?
2
Suppose 4*i - 3*d - 406 - 109 = 0, -5*i + 600 = 5*d. What are the prime factors of i?
5
Let b be (-7 + 2 + 1)*-1. Let x(s) = -s**3 + 5*s**2 + 1. What are the prime factors of x(b)?
17
Let g(t) = -t**3 + 12*t**2 + 10. Suppose -13*k + 60 = -8*k. What are the prime factors of g(k)?
2, 5
List the prime factors of (-2)/13 + (-6705)/(-65).
103
Let q = -6 - -9. Suppose 26 = q*h - h. Let z = 22 - h. List the prime factors of z.
3
Let d be (-2)/4 + 14/4. What are the prime factors of 1 + 4/6*d?
3
Let y = -16 - -25. List the prime factors of y.
3
Let n = -255 - -155. List the prime factors of (-4)/(-18) - n/36.
3
Let h = 50 + -29. Suppose 0 = -3*v + h - 0. What are the prime factors of v?
7
Let h be 6/(0 + 9/12). List the prime factors of 98/h + 2/(-8).
2, 3
Let f(v) = v**3 + 3*v**2 - 3*v - 3. List the prime factors of f(3).
2, 3, 7
Suppose -3*h + 0*h = -93. List the prime factors of h.
31
Suppose -2*z - z = -p - 118, -2*z + 84 = -2*p. Suppose -m = -0*b + b - z, -2*m - b = -76. What are the prime factors of m?
2, 19
Let b(l) be the first derivative of l**3/3 - l**2/2 + 3*l - 1. Let v be b(4). Suppose 5*f + 3 = -2*h + v, 30 = 5*h + 4*f. What are the prime factors of h?
2, 3
Let b(q) = -4*q**3 - 5*q**2 - 2*q + 13. List the prime factors of b(-4).
197
Suppose 2*b = 5*f - 1405, -6*f - 2*b = -4*f - 562. What are the prime factors of f?
281
Let m = -145 - -297. What are the prime factors of m?
2, 19
Let n(v) = v**2 + 7*v + 3. Let i be (-6)/(-15) - (-4)/(-10). Suppose 3*s - 25 = 4*q, q + 3*s + i*s = -10. What are the prime factors of n(q)?
3
Let p = 1 - 2. List the prime factors of 8/((-2)/p)*2.
2
Let j be 0/(3 + (-3 - 1)). Suppose j = -5*s - 21 + 81. List the prime factors of s.
2, 3
Let z be 39/(-3*1/(-3)). Let i = -70 - -48. Let g = z + i. What are the prime factors of g?
17
Suppose a - 1 = 3. Suppose 6*l - l = -a*c + 25, 2 = 3*l + 5*c. List the prime factors of l.
3
Let q = -10 + 13. Suppose 4*w + 100 = 5*k, k - 3*k - q*w = -40. What are the prime factors of k?
2, 5
Let d(y) be the second derivative of -y**5/20 - 2*y**4/3 + 3*y**2/2 + y. Let p be d(-7). What are the prime factors of p/(-10) - 2/(-5)?
5
Let f = 13 + -25. List the prime factors of (-549)/f + 1/4.
2, 23
Let c be 2/(-6) - (-13)/39. Let y = 28 + -18. What are the prime factors of y/3*(3 + c)?
2, 5
Let p(b) = -b + 2. Let m be p(-9). Let y = m - 8. Suppose -2*j - 16 = -y*c - 7*j, -32 = -2*c + 2*j. What are the prime factors of c?
2, 3
Let l = 14 - 10. What are the prime factors of l?
2
Let i = 10 + -6. Suppose -i*n - 60 = -n. Let m = -4 - n. List the prime factors of m.
2
Suppose -189 = -4*m - 2*f + f, 4*f - 20 = 0. Let v be (-2)/(-7) - (-88)/(-14). List the prime factors of v/(-15) - m/(-10).
5
Let q(o) = o**3 + 4*o**2 - 2. Let m(r) = -2*r**3 - 1. Let w be m(1). Let f be q(w). Suppose 2*y - f*y - 15 = -5*i, 0 = i + 2*y - 3. List the prime factors of i.
3
Let o(t) = 4*t**3 + t**2 - 1. Let v be o(1). Suppose 5*i + v*k = 4*i - 10, -k + 71 = -5*i. Let d = i + 26. List the prime factors of d.
2, 3
Let a(k) = 7*k**2 - 1. Let r be (-1)/3 + 25/(-15). What are the prime factors of a(r)?
3
Let q = -56 + 119. What are the prime factors of q?
3, 7
Let z = -12 + 14. List the prime factors of (-4 - 1)/(z - 3).
5
Let p(m) = m + 12. Let s be p(-5). Suppose -3*g = 3, s*b + 20 = 3*b - 4*g. List the prime factors of 5 + 1 - (5 + b).
5
Let m = 4 - 9. Let v be (-1)/(1/m - 0). List the prime factors of 95/25 + 1/v.
2
Let k(v) be the third derivative of -v**5/60 - 11*v**4/24 + v**3/2 - 7*v**2. List the prime factors of k(-7).
31
Let b = -4 - -7. Suppose -b*n + 4*n + 4*h - 2 = 0, 4*h = -2*n + 4. Suppose 2*r - r - s = -2, -3*r - n*s + 19 = 0. What are the prime factors of r?
3
Suppose 0 = -2*j - 2*j + 320. List the prime factors of j.
2, 5
Suppose 4*b + 44 = -28. Let u be b + (-2 - -2)/(-2). Let x = -6 - u. What are the prime factors of x?
2, 3
Let m = 4 + -2. Suppose -5*k - m = -52. List the prime factors of k.
2, 5
Let l = -2 + 7. Suppose 5*b + 3*m - 54 = l*m, 5*b = -4*m + 42. What are the prime factors of b?
2, 5
Let z = 5 - 5. Suppose -2*d + 0*d = z. Suppose r - 20 = 3*h + 4, d = r + 4*h + 11. List the prime factors of r.
3
Let b = -1 + 1. Suppose 4*m - 13 - 3 = b. Let w = 9 + m. List the prime factors of w.
13
Suppose 3*i + 5 = 4*g, 2*i + 4*g = i + 25. Suppose 0*f = -3*f - c - 156, 0 = 4*f + i*c + 219. List the prime factors of f/(-7) - 4/14.
7
Let p = 12 + -8. Suppose p*q - 26 = 10. List the prime factors of q.
3
Let s = 11 - 1. Let y = -7 + s. Suppose 3*z = -y + 30. What are the prime factors of z?
3
Suppose 2*k - 3*k + 2 = 0. Let j(o) = 2*o**2 + 3*o - 1. What are the prime factors of j(k)?
13
Let c = 113 - -129. What are the prime factors of c?
2, 11
Let g(b) = 5*b - 71. List the prime factors of g(26).
59
Let o = -48 + 91. List the prime factors of o.
43
Suppose -32 = 3*g - 125. Suppose -g = -x - 1. List the prime factors of x.
2, 3, 5
Suppose -y = -6*y. Suppose 4*z + z - 70 = y. List the prime factors of z.
2, 7
Suppose 3*j = j + 872. What are the prime factors of j/8 - (-3)/(-2)?
53
Suppose -6 - 9 = -5*x. Let r = x - -5. List the prime factors of r.
2
Suppose -3*p = -2*p - 2. List the prime factors of (0 - 10/(-4))*p.
5
Let j = -2 + 0. What are the prime factors of 1*j*(-15)/2?
3, 5
Suppose 0 = 5*c + 3*z - 212, 0 = c - 2*z - 19 - 26. List the prime factors of c.
43
Suppose 7*j - 151 = 24. Suppose -3*l = -5*f + 7 + 18, -3*l - 13 = f. Suppose 0 = -7*z + f*z + j. What are the prime factors of z?
5
List the prime factors of (-199 + 1)*(-31 - -30).
2, 3, 11
Suppose -10 = -4*l - l. Suppose -5*u + 50 = -h, l*h = -3*u + 34 - 4. Suppose 11 